 3*b - 3/4*b**4 + 5*b**3 + 8. Let w(a) = 6*q(a) + 17*x(a). What is w(4)?
-3
Let m(f) = -f**2 + f + 1. Let l(q) = q**3 - 7*q**2 + 4*q + 4. Let t(a) = l(a) - 6*m(a). Give t(3).
10
Suppose -5*o - 5*b + 14 = -3*o, 0 = -4*o + 4*b. Let d(z) = -6 - 2*z + 0*z + 3*z**2 - 2*z**o - z. Let q be d(5). Let p(m) = -m**2 + 4*m - 2. Give p(q).
-2
Let c(z) = -3*z - 14 - 15 + 5*z + 1. Give c(11).
-6
Let p = 17 + -14. Suppose 2*w + 5*j = 31, p*w + j - 19 = -5. Let m(d) = -d**3 + 2*d**2 + 4*d - 3. What is m(w)?
0
Suppose 0 = -2*o - 6 - 0. Let c be o*1*6/(-9). Let h(m) be the second derivative of 5*m**3/6 + m**2 + m. Give h(c).
12
Let j(r) = 24*r - 25*r - 1 + 2. Suppose a - 2*s = 1, -s + 6*s + 25 = 0. Let t(h) = h + 9. Let i be t(a). What is j(i)?
1
Suppose -16 = -8*f + 4*f. Let n(a) = -3*a - 4. Calculate n(f).
-16
Let d be -3 + 2 + 12 + (0 - 1). Let h(j) = -j**2 + 7*j + 11. Calculate h(d).
-19
Let t(z) = -z + 3. Let n(c) = -c**2 - 6*c - 4. Let f(x) = n(x) - 5*t(x). What is f(0)?
-19
Let n(q) = -5312*q**2 - 3*q + 9 + 5313*q**2 - 6*q. Determine n(8).
1
Let j(u) = 7*u**2. Let k be j(-1). Let a = -12 + k. Let b(c) = c**2 + 4*c - 7. Let d be b(a). Let x(t) = t. Determine x(d).
-2
Let q(n) = 5*n**3 - 4*n**2 + 14*n - 1. Let g(b) = -70 + 6*b**3 + b**2 + 5*b**3 + 29*b - 8*b**2 + 69. Let i(m) = -4*g(m) + 9*q(m). Give i(7).
16
Let y = 23 + -28. Let g(j) be the second derivative of -j**3/6 + 5*j**2/2 + 26*j - 2. What is g(y)?
10
Let x be (-1 + 3)*(5 + -6 + 3). Let d be ((-3 - -4)/2)/(2/x). Let q(u) = -7*u - 1. Determine q(d).
-8
Let r(n) = 2. Let u(g) = g**2. Let y(a) = r(a) + 5*u(a). Give y(2).
22
Let g(a) be the first derivative of 9*a**2/2 + 30*a - 207. Give g(-4).
-6
Let t(q) = -5*q**2 - 8*q - 5. Let c(s) = -27*s**2 - 40*s - 24. Let b(f) = 2*c(f) - 11*t(f). Determine b(-6).
-5
Let b(g) be the third derivative of 1/12*g**5 - 1/8*g**4 + 0 - 5*g**2 - 2/3*g**3 + 0*g - 1/120*g**6. What is b(4)?
0
Let v(r) = -r**2 + 5*r + 6. Let m = -29 - -29. Suppose m = -w + 6*w - 30. Determine v(w).
0
Let n(z) be the second derivative of z**3/6 + 7*z. Let y(r) = -r - 1. Let a(x) = 5*n(x) + 3*y(x). Give a(3).
3
Let h(v) = -7*v**3 + 6*v**3 - 6 + 2 + 8*v + 5*v**2 - 1 + 0*v**2. What is h(7)?
-47
Let f(o) = -3*o**2 - 4*o + 3. Let t be 315/42*(-4)/6. Let d(b) = -7*b**2 - 7*b + 5. Let p(n) = t*f(n) + 3*d(n). Calculate p(1).
-7
Let w = 35 - 32. Let k(r) = -6*r + w - 2 + 3*r. Calculate k(-2).
7
Let j(r) = r**3 + 7*r**2 + 8*r + 3. Let m = -23 + 82. Suppose -m*k + 61*k = -10. Calculate j(k).
13
Let k be ((-5)/(-6))/((-240)/(-432)). Let z(l) be the first derivative of 2*l + k*l**2 - 1/4*l**4 + 7 - l**3. Determine z(-4).
6
Let w = -468 + 470. Let v(f) = -2*f**2 + 4*f - 3. What is v(w)?
-3
Suppose -3*j = 2*i - 6, 0 = -4*i - j - 2 - 6. Let l be 2*1/i*3. Let p(s) = -5*s. What is p(l)?
10
Let s = 131 + -129. Let o(x) be the first derivative of x + 2/3*x**3 + 1/2*x**s + 3. Determine o(-1).
2
Let l(d) be the third derivative of d**6/120 - d**5/12 + 5*d**4/24 - 5*d**3/6 - 5*d**2. Suppose -3*c + 3 + 0 = 0. Let n be 0/(c - 3) - -4. What is l(n)?
-1
Let s(n) = 26*n + 276. Let z be s(-11). Let t(o) = -o**2 - 10*o + 2. Calculate t(z).
2
Let n(k) = -25*k + 4. Let i(w) = 22*w - 5. Let c(z) = -5*i(z) - 6*n(z). What is c(1)?
41
Let w(u) = 3*u**3 + 52*u**2 - 38*u - 26. Let z be w(-18). Let t(v) = -v**2 + 11*v - 6. Calculate t(z).
4
Let c(s) = s**3 + 2*s**2 - 2. Let r be 6*((-3)/(-2) + -1). Let j be (-36)/(-27)*r/(-2). Give c(j).
-2
Let m be (-2 + 7)*8/20. Let s(d) = -d**3 + 3 - 3*d - 3*d + d + d + 3*d**m. Calculate s(3).
-9
Let g = 11 - 18. Let x(h) = -13*h - 18. Let o(r) = 3*r + 5. Let p(k) = -9*o(k) - 2*x(k). Determine p(g).
-2
Let a = 293 - 292. Let z be (5 - (-6 + 9)) + a. Let p(v) = -v**2 + v - 7. Let k(c) = 6. Let g(b) = -3*k(b) - 2*p(b). What is g(z)?
8
Let k(r) = -3*r + 10. Let h be k(2). Let b(g) = -5 + 3 - 1 - h - 4*g. Determine b(-6).
17
Let y(n) = -n + 2 + 0*n + 0*n. Suppose -5*l - h - 26 = 0, 110*l - 3*h = 107*l - 12. Calculate y(l).
7
Let u(x) = -x**3 - 5*x**2 + 2*x + 4. Let i be ((-3)/(-9))/(3 - (-138)/(-45)). What is u(i)?
-6
Let p(l) be the third derivative of -l**7/2520 - l**6/180 - l**5/15 - 35*l**4/24 - 22*l**2. Let d(n) be the second derivative of p(n). Determine d(-6).
-20
Let p(i) = -2*i**3 - i**2 + 4*i + 3. Let x be p(-2). Let l(a) = 8*a + 11. Let k(w) = -7*w - 10. Let o(s) = x*k(s) + 6*l(s). Calculate o(-7).
3
Let f(u) = -u + 20. Let m(z) = 3*z**2 + 35*z - 12. Let a be m(-12). What is f(a)?
20
Suppose -5*s - 65 + 15 = 0. Let q = 5 - s. Let h be ((-2)/(-1))/(6/q). Let l(r) = -r + 12. Calculate l(h).
7
Let q(u) = -u**2 + 7*u + 4. Let k be 1/((-1 + 3)/(-4)). Let y be ((-2)/(-3))/(k/(-18)). Calculate q(y).
10
Let q(l) = -3*l + 1. Suppose 389 = 2*g + 385. Give q(g).
-5
Suppose -4*d = -3 - 5. Suppose 2*x = 3*k + 35 - 13, 2*x = -d*k + 12. Suppose -6*h + x = -2*h. Let m(o) = 4*o - 2. Give m(h).
6
Suppose -3*g + 5 = -5*c, -2*g + 0*c - c = 1. Suppose g*k = k + 3. Let v(d) = d - 9. Let t(m) = 5. Let i(o) = -5*t(o) - 3*v(o). What is i(k)?
11
Let u(w) = 0 + 8 + 6 - 4*w + 5 - 14. Give u(3).
-7
Let j be (-2 - -1)/((-6)/4 + 1). Let m(d) = -4*d + 0*d + 0*d**2 + 3*d + d**j - d**3 + 1. What is m(1)?
0
Let t(c) = -c**2 + 7*c + 2. Let o be 135/4 - (1 - (-1)/(-4)). Suppose -2*u - 23 + o = 0. Give t(u).
12
Let c(o) = 0*o + 0*o - 22 - o + o**2 - 5*o. Let p be c(8). Let q(m) = m**2 + 8*m - 7. Calculate q(p).
-19
Let h(k) be the second derivative of k**3/2 - k**2/2 + 33*k. Let u(c) = -c**3 + 15*c**2 - 15*c + 16. Let g be u(14). Suppose g*d + 5 = 7*d. Calculate h(d).
2
Let w be ((-72)/42)/(1/(-7)). Let q be (w/9)/(-4)*3. Let y(r) = -8*r**3 - 2*r**2 - 2*r - 1. Calculate y(q).
7
Suppose -10 = 4*d - 42. Suppose 7*t - d*t - 15 = 0. Let f be 7/(-21) - t/(-9). Let o(p) = -6*p + 2. What is o(f)?
14
Let h(w) = 1 - 3*w + 5*w - w. Let u(j) = 8*j + 7. Let z be u(-1). Calculate h(z).
0
Let h(r) = -2*r**3 + 30*r**2 + 6*r + 14. Let w(u) = 3*u**2 + u + 1. Let n(m) = h(m) - 8*w(m). Determine n(4).
-34
Let m(v) = -v + 1. Let q(a) = 7*a. Let k(p) = 5*m(p) + q(p). Let b be 1 + -1 + 8 - 4. Suppose -7*t + 3*t - 1 = 3*o, t - b*o + 24 = 0. Determine k(t).
-3
Let c be 1/2*4 - 0. Suppose 4*o = -3*f - 18, 5*o - c*f = 3*f - 5. Let n = 3 - o. Let g(r) = -r**3 + 5*r**2 + 4*r. Calculate g(n).
-12
Let p(o) = -7*o**2 + 7*o - 17. Suppose -4*d + 17 = 3*x, -5*d - x = -0*d - 13. Let w(i) = -3*i**2 + 4*i - 8. Let m(s) = d*p(s) - 5*w(s). What is m(5)?
1
Let i(w) = -w**3 + w**2 + w. Let n(m) = -9*m**3 + 8*m**2 + 9*m - 3. Let r(c) = 6*i(c) - n(c). What is r(2)?
13
Suppose -f + 2*k - 18 = 0, -3*k + 8 = k. Let y = f + 10. Let t be 32/(-12) + y/12. Let z(l) = -2*l + 2. Give z(t).
8
Let g(d) = -d**2 + 8*d + 1. Let n(l) = 5*l**2 + 2*l - 1. Suppose -2*c + 4 = -0. Suppose -3*p + 5*t = 2 - 5, 2 = c*p + 3*t. Let x be n(p). Calculate g(x).
13
Let v(a) = -a - 1. Suppose 64 = 4*l + 5*i - 19, -63 = -3*l - 4*i. Let g = l + -13. Suppose 5*r - 2 = 2*o, -r = -0*o - o - g. Calculate v(o).
5
Let u(o) = -31 + 2*o - 3*o + 30. Give u(-1).
0
Let r = -4 + -27. Let v = 36 + r. Suppose -v*z + 2*u - 19 = 12, 3*z - 3*u + 24 = 0. Let a(g) = g**3 + 5*g**2 + 3. Calculate a(z).
3
Let m(r) be the first derivative of -r**4/4 - 10*r**3/3 - 4*r**2 + 7*r + 795. What is m(-9)?
-2
Let h(n) = -n**2 - n + 1. Let l = 19 + -10. Suppose l*k + 8 = 5*k. Calculate h(k).
-1
Let t be (-84)/(-15) - (-2)/5. Let f(d) = -d + 8. Let y be f(t). Let h(a) = -a - 2 + y + 1. Determine h(6).
-5
Let d(f) be the third derivative of -f**6/120 - f**5/60 - f**4/24 + 2*f**3/3 - 6*f**2. Let m be 6/4*24/9 + -4. Give d(m).
4
Let h(l) = 3*l - 7*l + 6*l + 1. Let b be 50/8 - (-2)/(-8). Suppose -c + b = 4. Calculate h(c).
5
Let d(m) = m**3 + m**2 + m + 3. Let y be d(0). Let g(z) = -12 + 2 - 121*z + z**y - 6*z**2 + 115*z. Give g(7).
-3
Let s(p) be the second derivative of p**4/12 - 3*p**3/2 + 5*p**2/2 + 43*p. Determine s(6).
-13
Let w(j) = j**3 + j - 9. Let m(k) = k**3 - 2*k**2 - 2*k - 2. Let p(n) = -n**2 - 5*n - 3. Let c be p(-3). Let q be m(c). Let i be q/(-2)*0/(-7). Give w(i).
-9
Let n(r) = 2*r**2 + 3*r + 4. Let j = 14 - 10. Suppose 3*k + 4 = 5*y - 6, -j*y + 5*k = -21. Let t be (y/3)/((-3)/(-27)). Give n(t).
13
Suppose 2*z - 8*z = -210. Let s = 38 - z. Let m(i) = -7*i - 3*i**2 - s*i**2 - 3 + 7*i**2 - 2*i**2. What is m(-6)?
3
